 is -2 - 4 - (66 + -80) - (-26 - -1)?
33
What is 3 + (-4 - -33) + 1 + 2 + -17?
18
Calculate 7 + (46 + -55 - -31 - (-2 + 14 - 1)).
18
Calculate -53 + 18 - 79 - (19 - 38).
-95
8153 + -8205 + (21 - 1)
-32
116 + -189 + -5 - (-7 + 1)
-72
(-43 - (3 + -3)) + 26 + -2 + -21
-40
53 + (-9 - -49 - 105)
-12
Calculate -11 + (38 - 27 - -12) + -59.
-47
Calculate 6 - (-6 + (56 - 41)).
-3
Calculate (6 + -3 + 0 - (-8 - -6 - 38)) + -8.
35
What is the value of 49 + 2 + (-11 + 3 - -6)?
49
What is the value of 61 + 134 + -225 - (-1 + 30)?
-59
(19 + 14 - 127) + 4 + 12 + 1
-77
What is the value of (-17 - 17 - (-2 - 0)) + (-72 - -88) - 111?
-127
What is -34 + 6 + 10 + -38 + -38?
-94
Calculate 46 - 48 - (-5 - -16) - 74.
-87
What is the value of (-70 + 33 - 51) + 28?
-60
1 + -3 + 14 + -2 - (1341 - 1277)
-54
8 - ((11 - 13) + (-38 - -38 - (-83 - -2)))
-71
-60 + 128 + -28 - 25
15
What is 131 - (53 + -23 + -12 + -3 + 2)?
114
Calculate (2 - -14) + -520 + 544.
40
What is (-2 - 71) + (962 - 955 - (-8 + -1))?
-57
Calculate (-35 + 18 - -2) + 1 + -2 + -12.
-28
What is (-11 - -1) + (3 - 9) + (9 + -63 - -21)?
-49
What is (-91 - -110) + (-2 - 39)?
-22
15 + 6 + (-13 - -1) + -12 + -12
-15
What is the value of (-103 - -48 - -57) + 45?
47
(1044 - 907) + 37 + -31 + -6 + 2 + 1
140
Evaluate 75 - (-45 - (-61 - 49)).
10
What is (-37 - 0) + (109 + 20 - 81)?
11
Calculate (1 - 2 - (59 + -19 - 70)) + 1 + 8.
38
What is the value of -70 - (-82 + (-67 - -59))?
20
What is 0 + -34 - ((-1 - (29 - 4)) + -160 + 173)?
-21
Evaluate (-2 - (-9 + 2 + 0 + 317 + -318)) + 6.
12
Calculate -13 + (61 + -88 - (-20 + 11)).
-31
(0 - (33 + 3)) + (18 + -16 + 12 - 3)
-25
Calculate (0 - -2 - 1) + (4288 - 4352) + 28 + 0.
-35
What is the value of -75 - ((17 - (18 - -10 - 7)) + 12)?
-83
Evaluate (17 - (26 - 5)) + -46 - -15.
-35
Calculate -4 - -7 - 71 - -46.
-22
What is the value of 0 + (3 - -81) - (18 + 0 + -22 + 18)?
70
-246 + 228 + (4 - (1 - 2)) + (6 - 2)
-9
What is 13 + -35 + 10 + 4 + -1 - 111?
-120
Evaluate (-25 - (-38 + -20) - 33) + (11 - -6).
17
Evaluate -57 - 65 - (60 + -110).
-72
Calculate 2 + -10 + (-9 - ((9 - 0 - 4) + -7)).
-15
What is -128 + 79 + -32 - -99?
18
What is the value of 11 - (9 - (-16 + -18 + 20))?
-12
What is -17431 - -17442 - (13 - -1)?
-3
Evaluate (-22 - (-57 + 22)) + -3 + -3 + 6.
13
Evaluate -18 - (9 + 5 + -12 + -12).
-8
What is 1 - (-19 - -6 - (-71 - (-13 + 36)))?
-80
Calculate 110 + (-4 - 6) - (136 - 124).
88
What is the value of 5 + -123 + (-1 + 1 - -2 - (-513 + 501))?
-104
Calculate 28 + (9 + -23 + 12 + 0 - 2).
24
What is the value of (11 - (6 - 0) - 6) + -5 + -1?
-7
(-6 - 84) + (1428 - 1309)
29
What is the value of -25 + (33 + -3 - 2) + 10?
13
Evaluate (0 + 35 - 22) + (2 - -24).
39
-33 + 5 + -3 - (-524 + 530)
-37
Calculate 162 + -183 + -40 + (-12 - -2).
-71
What is (-22 + 54 - -22) + -21?
33
-6 - ((665 - 587) + -10 + 2)
-76
Evaluate 11 - (1 + -19 + -18 + 6).
41
Evaluate (-67 + 82 - (-3 + 26)) + 27.
19
Evaluate 6 + -71 + (1 + -20 - -1 - (-3057 - -3053)).
-79
What is the value of -79 + (-37 - -102) + (5 - -20) + 4?
15
-7 + -18 + (20 - (21 - 35))
9
Evaluate -3 + 42 + -2 + -523 + 527.
41
Evaluate (-33 - (1 + -2)) + (-11 + -13 + 34 - 15).
-37
(26 - 43) + (2 + 126 + -13 - -15)
113
What is the value of (41 - 15) + -33 - 72?
-79
What is -77 + 125 + -72 + 48?
24
Evaluate -2 - (-10 - 3 - (7 + 8 + 16)).
42
What is (25 + -31 - -15) + 3 - -25?
37
Evaluate -82 + -53 + 66 - -179.
110
Evaluate -32 + (-53 + 51 - (7 + 3) - -15).
-29
What is the value of -6 - -18 - (-7 - (-22 - -65) - 14)?
76
What is (77 - 7) + -53 - (5 - (-2 - 76))?
-66
(-5 - ((-5 - -3) + -6)) + 23 + -4 + -29
-7
What is -5 + 39 + -47 + 60?
47
-45 + (-336 - -348 - (-1 - -104))
-136
Calculate (6 - 1) + 80 + -61 + -4 - 91.
-71
Calculate 1 + 49 + (255 - (265 + 26)).
14
What is the value of 16 - 13 - 4 - 115 - (42 + -28)?
-130
What is -38 + 81 + (9 - 44)?
8
Evaluate -12 - (0 + 0 - (-333 - -327)).
-18
What is the value of 21 + 0 - (76 + -58 - 20)?
23
-75 + (-2 + -5 - (717 - 749))
-50
(-6 - (-11 + 57 + (-13 - (-18 + -6)))) + 2
-61
What is the value of 76 + -15 + -29 + -4 + (15 - -3) + 11?
57
What is the value of -79 + 71 + (3 - 88)?
-93
Calculate 47 + -17 + 22 - (-6 - 5).
63
Calculate (14 - (21 - (13 + -19))) + -18.
-31
Evaluate (16 - 22) + -10 + 7 + -19.
-28
Calculate 0 - -63 - (3149 - 3055).
-31
-3 - -18 - (150 + -123)
-12
What is the value of 5 - (11 - (-12 + (-2 - (3 + -67))))?
44
Evaluate -28 - (-105 - -3 - -3 - 19).
90
Calculate -24 - (25 - (-4 - -65)).
12
-86 + 44 - (11 + -2 + 1 - (-2 - -3))
-51
What is ((-77 - -25) + 30 - 2) + -53?
-77
What is -19 - (36 - (60 - 44))?
-39
-13 + 17 + (-11 - -32)
25
What is the value of -4 + (0 - (-3 + -5)) + 4 + (-28 - -63)?
43
Evaluate (4 - (-47 + 0)) + 2 - (6 + -39 + 29).
57
Calculate (-28 - (10 - (-8 - -93))) + 19.
66
1 - ((-5 - -4) + 45 - (42 + -26 - 28))
-55
What is 9 + -4 + 48 + 1 + 21?
75
Evaluate -15 + 70 + (59 - 95).
19
253 - 196 - (7 + 26)
24
What is (121 - -19) + -177 + 74?
37
What is -4 + (1 - -1) + (34 - (2 - -33))?
-3
What is -17 - ((16 - (14 - 16) - 75) + -10)?
50
Calculate 2 + (-1 + 5 - 39) - -84.
51
Evaluate -1 - 44 - (-851 - -776).
30
Calculate 14 + -36 + 51 + -23 - (7 + 2).
-3
Evaluate 4 + 1 + (55 - 103) + 28.
-15
What is the value of 53 - -8 - (-3 - 16 - 2)?
82
(-1 + (-13 - -44) + -6 - 17) + -85
-78
-2 - (-3 + (22 - 37)) - 74
-58
Evaluate 98 + (470 + -497 - (-41 + -1)).
113
Calculate 24 + 51 + (-36 - 4) + 25.
60
Evaluate -91 + 1 + (-14356 - -14514).
68
Calculate -17213 - -17200 - (-52 - 1).
40
(-297 - -308) + -2 + 32
41
What is 9 + 37 + 11 + (196 - 184)?
69
Calculate 1 + -46 + (-2583 - -2578).
-50
What is the value of 72 - ((10 - 39) + 9 + (10 - 5) + 3)?
84
Evaluate -30 + -9 - (-17 + (-1 - -4 - -4)).
-29
What is -7 + -1 + (2 + -18 - (-52 - (-58 + 16)))?
-14
Evaluate (-5 - (5 + -13)) + (-39 - (-22 + -2)).
-12
What is the value of 37 + (-310 - -108) + 58?
-107
What is -237 - -260 - (-7 - (-4 - -1))?
27
-12 + 11 - (-7 - (13 - 17) - 72)
74
What is the value of (4 - -10) + 60 - (-1 - (10 + -2))?
83
What is -4 + -7 + 27 + 21 + -6 + -27?
4
116 + -50 + 11 + -201
-124
Calculate (-13 - (-94 + -8 + 66)) + (0 - -99).
122
Evaluate (-18 - (-10 + -1)) + (-41 - (10 + -5 + -4)).
-49
What is the value of 48 - 82 - (11 - (13 - 3))?
-35
What is (159 - 149 - (37 + -4)) + -26?
-49
What is the value of -30 - (25 - (58 - 3))?
0
What is (-5213 - -5231) + (-2 - 17) + 1?
0
What is the value of -216 - -238 - (18 + 9)?
-5
Evaluate -6 - ((-11 - -5) + -1 - (21 - 16)) - -41.
47
What is 2 + -141 - ((3 - -3) + 25 + -39)?
-131
What is the value of -38 + -74 + (-523 - -537 - (4 - 0))?
-102
What is the value of -11 + -14 + (-2 - -21 - -22)?
16
Calculate -26 - (65 + -31 - 61).
1
What is 13 - (-17 + 64 + (-3 - (8 + 1)))?
-22
Evaluate 6 - -5 - (-28 - (-8 + 5 + 7)).
43
Calculate (0 + 21 + -27 - (1 - 62)) + -7 + 4.
52
What is the value of (-2 - 74) + (0 - -4) + -50 + 52 - 10?
-80
What is 11 + -3 + -52 + -30 + 68 + 1 + -6?
-11
What is the value of 40 + -2 + (-21 - 5) + 11 + 0?
23
What is 70 + (13 - (-38 + 26 + 43))?
52
What is -95 - -67 - (-6 + 10 - 20) - (99 + -7)?
-104
Calculate -79 - (-45 + 66) - -114.
14
What is the value of 7 - (((0 - -1) + 8 - 0) + (-2967 - -2962))?
3
Calculate 14 + 4 + -9 + -23.
-14
-1 + 31 - (-4705 + 4741) - (8 - -2)
-16
0 - -30 - (-26 + -131 + 174)
13
Calculate -6 + -35 - (70 - 165).
54
What is the value of -81 + 150 + 53 + -3 + -31?
88
Calculate 9 + 14 - 1 - (-7 + 1).
28
What is -4 + -7 + (16 - (-11 + 3))?
13
What is -514 + 501 + (78 - -5)?
70
What is 57 + -76 + 16 + (44 - (-4 + 2))?
43
Evaluate 158 + (114 - 190) + 10.
92
What is the value of 5 + (2 - (-9 - -20 - 8)) - 32 - 1?
-29
(1 - 0) + 2 + -871 + 886
18
22 - ((2 - 3) + 131 + -122)
14
What is -52 - (0 - (22 + -35 + 34))?
-31
44 - -10 - -6 - (10 + -11 + -5)
66
What is -10 - (-7 + -38 + -7 + 1)?
41
Evaluate 216 + -199 + 0 + -16 + -36.
-35
What is (-8 + -3 + (10 - 4) - 3) + (13 - 10)?
-5
-71 - (-30 + -17 - -2)
-26
What is 1 + 13 + 0 + (38 - 8) + -26?
18
18 + 0 + -13 + (-5 - -8) + 18
26
What is (-17 - -2) + -2 + (-39 - (38 - 59))?
-35
-8 + (1 + 23 + 9 - -3)
28
What is -33 - ((-34 - 159) + 62)?
98
Calculate (-4 - (-14 - -8)) + (25 - 0 - (6 - 6)).
27
Evaluate -47 - (-7 + 11 + 19 + -11 - (-25 + 47)).
-37
Calculate 89 + -52 + 10 + -33.
14
What is the value o